273440
Convert 177743 (base 13) to base 11.
371718
110001100011001 (base 2) to base 13
b716
1011100011000110011 (base 2) to base 9
636075
Convert -366d2 (base 14) to base 2.
-100000011111010000
Convert 143b8 (base 12) to base 2.
110111000111100
-454458 (base 12) to base 9
-2065825
1144400 (base 6) to base 8
166320
What is 113302110200 (base 4) in base 7?
104000036
-1201222412 (base 5) to base 15
-397222
What is -13232323 (base 4) in base 6?
-402351
-101101100000101000010 (base 2) to base 4
-11230011002
Convert -10001112112 (base 3) to base 10.
-60170
Convert 9a631a (base 13) to base 16.
378e7f
What is -403411014 (base 6) in base 5?
-3231003213
Convert -2229a5 (base 14) to base 4.
-10123023011
What is 4a95c (base 16) in base 14?
7d496
Convert 337556 (base 11) to base 14.
dda15
Convert 20210202222201 (base 3) to base 15.
4b6bca
Convert 2e519 (base 15) to base 11.
a2485
Convert -44b1e (base 15) to base 2.
-110101010110001000
-324211214 (base 5) to base 10
-1397684
-1774020 (base 8) to base 11
-327419
What is 8397d2 (base 16) in base 7?
133206045
Convert -192681 (base 10) to base 5.
-22131211
-15445022 (base 6) to base 2
-10000110011011000110
What is -12431322 (base 5) in base 15?
-26ae2
What is 1912a (base 11) in base 15?
7ded
What is -59a679 (base 12) in base 10?
-1449021
-120c (base 14) to base 3
-11022121
What is 9a046 (base 11) in base 2?
100011011011101001
-54500 (base 10) to base 6
-1100152
What is -100003333 (base 4) in base 8?
-200377
What is -8107685 (base 9) in base 15?
-5a3d48
Convert 350627 (base 8) to base 2.
11101000110010111
What is -705728 (base 9) in base 11?
-26580a
-cc50b (base 14) to base 15
-9b991
1557613 (base 12) to base 3
22011211200120
What is 149b539 (base 12) in base 4?
33332120331
-10111101011101010011 (base 2) to base 11
-490042
What is 26452326 (base 9) in base 11?
7397121
-29931 (base 13) to base 11
-53a44
Convert 25426472 (base 9) to base 6.
1123232532
What is -1021310 (base 6) in base 3?
-2112000020
30563 (base 13) to base 6
1504545
What is -120112120110 (base 3) in base 7?
-2412513
Convert 112020002011110 (base 3) to base 10.
7559850
What is 24206 (base 9) in base 14?
5c98
Convert -1000111111000001111111 (base 2) to base 14.
-4544d9
Convert 51143050 (base 6) to base 2.
101100100011100000110
Convert -11240441431 (base 5) to base 13.
-28719a4
Convert 252551312 (base 6) to base 12.
1782538
Convert 21351462 (base 7) to base 9.
3385166
Convert 1177444 (base 8) to base 5.
40434320
What is -124326 (base 10) in base 4?
-132112212
What is -24002 (base 10) in base 14?
-8a66
What is -161334 (base 13) in base 15?
-ab906
-37a2 (base 14) to base 5
-302441
Convert -2381485 (base 10) to base 7.
-26146051
Convert 3516 (base 14) to base 6.
110424
What is -857a3 (base 11) in base 6?
-2401303
124344403 (base 5) to base 9
1147017
-307ca (base 13) to base 12
-42448
What is 10000010100001111100010 (base 2) in base 16?
4143e2
What is -1212110121222 (base 3) in base 13?
-28a1b0
Convert -244542 (base 9) to base 3.
-21111121102
What is -3055501 (base 8) in base 9?
-1463740
What is -1db918 (base 15) in base 13?
-3c004a
What is 222361211 (base 7) in base 3?
221100201022212
Convert 10021020301 (base 4) to base 15.
166ba1
What is 120011000220102 (base 3) in base 4?
132231210332
What is -1125320222 (base 6) in base 12?
-4266072
111000110100110101 (base 2) to base 7
1656410
What is 395961 (base 14) in base 15?
2901c5
1512212 (base 6) to base 14
23b8c
What is -3113227 (base 8) in base 4?
-3021122113
Convert 12b98 (base 12) to base 16.
6524
Convert 684744 (base 15) to base 9.
10324281
Convert 400221510 (base 6) to base 5.
3211041020
14635425 (base 8) to base 10
3357461
Convert 23453104 (base 6) to base 9.
1344444
Convert 6593 (base 14) to base 12.
a205
-61847 (base 11) to base 10
-90196
-112002301 (base 4) to base 2
-10110000010110001
What is 3a567 (base 13) in base 11?
74642
What is -1549367 (base 15) in base 16?
-eb4edb
-10031506 (base 7) to base 3
-1120020101101
Convert -2757690 (base 10) to base 3.
-12012002211200
What is -2917067 (base 10) in base 12?
-b8814b
-102201200 (base 5) to base 12
-187a38
e113e9 (base 15) to base 4
220300323000
Convert 3361560 (base 7) to base 6.
12545020
-62457 (base 8) to base 7
-135343
What is 7335b5 (base 12) in base 5?
430410243
Convert -5060547 (base 9) to base 13.
-735790
Convert -2404b (base 13) to base 7.
-363225
Convert -212a76 (base 15) to base 3.
-2222012021110
Convert 4ab46c (base 16) to base 13.
1025570
What is 1413233 (base 7) in base 2?
101110000000001101
What is 2da1d8 (base 14) in base 5?
402243012
What is 3153225 (base 7) in base 8?
1353671
Convert -575213 (base 8) to base 3.
-100220210001
Convert -2e5f82 (base 16) to base 14.
-591790
Convert 213c67 (base 16) to base 11.
1258528
Convert -582585 (base 12) to base 7.
-15010253
-451252024 (base 6) to base 11
-4692252
Convert -22112001001012 (base 3) to base 4.
-101101123223
Convert -761a6 (base 16) to base 7.
-4053231
What is -9f4c94 (base 16) in base 15?
-db3438
2212122120211 (base 3) to base 7
15664003
What is 2331333020 (base 5) in base 14?
9cdd96
What is 84777 (base 11) in base 9?
207222
Convert -d1e (base 15) to base 5.
-43304
What is -13589 (base 16) in base 9?
-130625
Convert -201121112000012 (base 3) to base 5.
-10132010033
Convert 122031001 (base 4) to base 6.
2144521
What is 12033311 (base 4) in base 13?
b855
Convert 32300120 (base 5) to base 10.
275035
What is 1052806 (base 10) in base 9?
1874154
Convert 1133200310 (base 4) to base 16.
5f834
Convert 562455 (base 7) to base 10.
99363
-42023203 (base 6) to base 10
-1216371
What is 172a0 (base 14) in base 12?
297a4
-11010011100001101011001 (base 2) to base 16
-69c359
Convert 5bc07 (base 15) to base 12.
121651
Convert -3221222 (base 8) to base 13.
-241a7a
7977c (base 13) to base 8
657472
2163727 (base 9) to base 13
319b04
Convert -641570 (base 8) to base 10.
-213880
Convert -a876e (base 16) to base 3.
-1022001112200
26142005 (base 7) to base 14
45d53c
What is -6298c (base 15) in base 7?
-2441352
504071 (base 10) to base 13
148589
Convert 1012251 (base 8) to base 16.
414a9
-445635 (base 11) to base 9
-1302166
Convert -110203230000 (base 4) to base 14.
-a03d28
What is -103011242 (base 5) in base 7?
-3503623
Convert 21121002220100 (base 3) to base 2.
1111011001101000001010
What is -46864a (base 13) in base 6?
-55523302
What is -b049b1 (base 12) in base 7?
-32223232
412a29 (base 11) to base 8
2416334
-30572cc (base 13) to base 9
-30482075
67890 (base 12) to base 14
382cc
What is 1101112011212 (base 3) in base 5?
142113413
What is -2103b6 (base 14) in base 16?
-1102bc
-3312421 (base 10) to base 2
-1100101000101100100101
Convert -11010111110001101100 (base 2) to base 15.
-126d15
Convert -1011011111101110000 (base 2) to base 10.
-376688
What is 52607676 (base 8) in base 2?
101010110000111110111110
Convert 12616a (base 12) to base 4.
1021131202
-9137a5 (base 13) to base 6
-200223215
-45a0a8 (base 16) to base 3
-22120211102011
Convert 10310400324 (base 5) to base 9.
22667771
What is -113010031221 (base 4) in base 3?
-102101012100000
What is 17432361 (base 8) in base 16?
3e34f1
Convert -5631a (base 14) to base 8.
-630404
What is -1644716 (base 10) in base 6?
-55130232
What is -17290a (base 11) in base 2?
-1000001010000100011
What is 234450552 (base 6) in base 10?
4423460
Convert 1461731 (base 11) to base 13.
699748
-82816 (base 14) to base 13
-b014c
2221211332 (base 4) to base 11
4349a4
-110101100110101011001 (base 2) to base 6
-101351545
Convert 47345567 (base 8) to base 10.
10341239
-377b296 (base 12) to base 11
-61505a1
Convert 20000324 (base 5) to base 14.
40d91
What is -a541 (base 15) in base 3?
-1202220221
12112002103 (base 4) to base 16
196093
-444e80 (base 16) to base 14
-847572
Convert -b80678 (base 12) to base 8.
-13047674
101122020 (base 3) to base 10
7755
-7838 (base 13) to base 6
-205402
What is -2144412101 (base 5) in base 14?
-89d668
8633d (base 16) to base 11
345aa1
Convert -2204041 (base 5) to base 2.
-1001010010000101
Convert 32113203 (base 4) to base 10.
58851
Convert 24511576 (base 9) to base 2.
101101110000011001010111
377060 (base 8) to base 16
1fe30
Convert -156080 (base 14) to base 4.
-2312033300
What is 122224 (base 15) in base 7?
10243126
What is -32044334 (base 5) in base 